{"id":204,"date":"2020-10-19T22:07:38","date_gmt":"2020-10-20T03:07:38","guid":{"rendered":"https:\/\/fredericviale.com\/new\/?post_type=product&#038;p=204"},"modified":"2020-11-10T05:08:51","modified_gmt":"2020-11-10T04:08:51","slug":"les-racines-du-ciel","status":"publish","type":"product","link":"https:\/\/fredericviale.com\/new\/product\/les-racines-du-ciel\/","title":{"rendered":"Les Racines du Ciel"},"content":{"rendered":"<p>Apr\u00e8s leur premier disque en 2013,\u00a0Fr\u00e9d\u00e9ric Viale,\u00a0Natallino Netto,\u00a0Zaza Desiderio\u00a0et\u00a0Nelson Veras\u00a0se retrouvent. Dans\u00a0ce deuxi\u00e8me album, le son du groupe a encore m\u00fbri, la complicit\u00e9 s\u2019est \u00e9panouie et l\u2019aventure humaine continue. Fr\u00e9d\u00e9ric a compos\u00e9 dix nouveaux titres. Le trio interpr\u00e8te \u00e9galement une superbe adaptation d\u2019Indiff\u00e9rence de Joseph Colombo.<\/p>\n","protected":false},"excerpt":{"rendered":"<p><strong>Rythmes m\u00e9tiss\u00e9s qui baignent dans la grande libert\u00e9 du jazz.<\/strong>\u00a0Natallino Neto \u00e0 la basse, Zaza Desiderio \u00e0 la batterie et Nelson Veras \u00e0 la guitare accompagnent l\u2019accord\u00e9on de Fr\u00e9d\u00e9ric Viale.\u00a0Le deuxi\u00e8me album du Quartet.<\/p>\n","protected":false},"featured_media":119,"template":"","meta":[],"product_cat":[19],"product_tag":[],"_links":{"self":[{"href":"https:\/\/fredericviale.com\/new\/wp-json\/wp\/v2\/product\/204"}],"collection":[{"href":"https:\/\/fredericviale.com\/new\/wp-json\/wp\/v2\/product"}],"about":[{"href":"https:\/\/fredericviale.com\/new\/wp-json\/wp\/v2\/types\/product"}],"wp:featuredmedia":[{"embeddable":true,"href":"https:\/\/fredericviale.com\/new\/wp-json\/wp\/v2\/media\/119"}],"wp:attachment":[{"href":"https:\/\/fredericviale.com\/new\/wp-json\/wp\/v2\/media?parent=204"}],"wp:term":[{"taxonomy":"product_cat","embeddable":true,"href":"https:\/\/fredericviale.com\/new\/wp-json\/wp\/v2\/product_cat?post=204"},{"taxonomy":"product_tag","embeddable":true,"href":"https:\/\/fredericviale.com\/new\/wp-json\/wp\/v2\/product_tag?post=204"}],"curies":[{"name":"wp","href":"https:\/\/api.w.org\/{rel}","templated":true}]}}