{"id":207,"date":"2020-10-19T22:16:25","date_gmt":"2020-10-19T20:16:25","guid":{"rendered":"https:\/\/fredericviale.com\/new\/?post_type=product&#038;p=207"},"modified":"2020-11-10T05:04:16","modified_gmt":"2020-11-10T04:04:16","slug":"paradise","status":"publish","type":"product","link":"https:\/\/fredericviale.com\/new\/product\/paradise\/","title":{"rendered":"Paradise"},"content":{"rendered":"<p><strong>PARADISE :<\/strong> Fr\u00e9d\u00e9ric Viale a d\u00e9velopp\u00e9 un go\u00fbt pour l\u2019harmonie, le rythme, l\u2019improvisation et la composition ce qui l\u2019am\u00e8ne tout naturellement \u00e0 enregistrer en 2004 son premier album. Il est rejoint par ses complices Emanuele Cisi, Jean-Pierre Como, Jean-Yves Candela, Christian Pachiaudi et Jean-Luc Dana.<\/p>\n","protected":false},"excerpt":{"rendered":"<p>L\u2019album des morceaux \u2018Song for Hermeto\u2018 et \u2018Lina Quartet\u2019. Le d\u00e9but d\u2019une aventure qui compte aujourd\u2019hui six albums.<\/p>\n","protected":false},"featured_media":117,"template":"","meta":[],"product_cat":[19],"product_tag":[],"_links":{"self":[{"href":"https:\/\/fredericviale.com\/new\/wp-json\/wp\/v2\/product\/207"}],"collection":[{"href":"https:\/\/fredericviale.com\/new\/wp-json\/wp\/v2\/product"}],"about":[{"href":"https:\/\/fredericviale.com\/new\/wp-json\/wp\/v2\/types\/product"}],"wp:featuredmedia":[{"embeddable":true,"href":"https:\/\/fredericviale.com\/new\/wp-json\/wp\/v2\/media\/117"}],"wp:attachment":[{"href":"https:\/\/fredericviale.com\/new\/wp-json\/wp\/v2\/media?parent=207"}],"wp:term":[{"taxonomy":"product_cat","embeddable":true,"href":"https:\/\/fredericviale.com\/new\/wp-json\/wp\/v2\/product_cat?post=207"},{"taxonomy":"product_tag","embeddable":true,"href":"https:\/\/fredericviale.com\/new\/wp-json\/wp\/v2\/product_tag?post=207"}],"curies":[{"name":"wp","href":"https:\/\/api.w.org\/{rel}","templated":true}]}}